n 2893 is divided by 51?
37
Calculate the remainder when 438 is divided by 20.
18
Calculate the remainder when 2492 is divided by 2474.
18
Calculate the remainder when 238 is divided by 20.
18
Calculate the remainder when 707 is divided by 24.
11
What is the remainder when 193 is divided by 22?
17
What is the remainder when 196 is divided by 191?
5
What is the remainder when 870 is divided by 229?
183
Calculate the remainder when 218 is divided by 77.
64
Calculate the remainder when 536 is divided by 129.
20
What is the remainder when 125 is divided by 37?
14
What is the remainder when 30796 is divided by 299?
298
What is the remainder when 69 is divided by 29?
11
Calculate the remainder when 59 is divided by 38.
21
What is the remainder when 1405 is divided by 38?
37
What is the remainder when 97 is divided by 15?
7
What is the remainder when 499 is divided by 5?
4
Calculate the remainder when 365 is divided by 105.
50
What is the remainder when 359 is divided by 91?
86
Calculate the remainder when 659 is divided by 87.
50
Calculate the remainder when 25 is divided by 14.
11
What is the remainder when 5 is divided by 1?
0
Calculate the remainder when 434 is divided by 11.
5
What is the remainder when 131 is divided by 11?
10
What is the remainder when 135 is divided by 44?
3
Calculate the remainder when 743 is divided by 162.
95
What is the remainder when 96 is divided by 4?
0
What is the remainder when 185 is divided by 45?
5
Calculate the remainder when 1703 is divided by 71.
70
What is the remainder when 273 is divided by 69?
66
Calculate the remainder when 1821 is divided by 302.
9
Calculate the remainder when 13347 is divided by 25.
22
Calculate the remainder when 967 is divided by 19.
17
Calculate the remainder when 4884 is divided by 163.
157
What is the remainder when 124 is divided by 16?
12
What is the remainder when 1069 is divided by 67?
64
Calculate the remainder when 205 is divided by 26.
23
Calculate the remainder when 354 is divided by 90.
84
What is the remainder when 477 is divided by 160?
157
Calculate the remainder when 704 is divided by 63.
11
Calculate the remainder when 172 is divided by 14.
4
Calculate the remainder when 102 is divided by 52.
50
Calculate the remainder when 827 is divided by 24.
11
What is the remainder when 1420 is divided by 164?
108
Calculate the remainder when 278 is divided by 107.
64
What is the remainder when 158 is divided by 18?
14
What is the remainder when 298 is divided by 15?
13
Calculate the remainder when 8447 is divided by 96.
95
Calculate the remainder when 507 is divided by 51.
48
Calculate the remainder when 688 is divided by 261.
166
Calculate the remainder when 1415 is divided by 94.
5
Calculate the remainder when 59 is divided by 12.
11
Calculate the remainder when 7776 is divided by 20.
16
Calculate the remainder when 155 is divided by 35.
15
Calculate the remainder when 7489 is divided by 214.
213
What is the remainder when 608 is divided by 227?
154
Calculate the remainder when 242 is divided by 19.
14
Calculate the remainder when 3602 is divided by 11.
5
Calculate the remainder when 11929 is divided by 18.
13
Calculate the remainder when 1240 is divided by 54.
52
Calculate the remainder when 134 is divided by 18.
8
What is the remainder when 528 is divided by 144?
96
Calculate the remainder when 946 is divided by 8.
2
What is the remainder when 1922 is divided by 77?
74
Calculate the remainder when 3255 is divided by 181.
178
What is the remainder when 2112 is divided by 2107?
5
Calculate the remainder when 522 is divided by 84.
18
Calculate the remainder when 18347 is divided by 31.
26
What is the remainder when 2033 is divided by 1012?
9
What is the remainder when 1539 is divided by 766?
7
Calculate the remainder when 163 is divided by 7.
2
Calculate the remainder when 38 is divided by 18.
2
What is the remainder when 366 is divided by 125?
116
What is the remainder when 129 is divided by 118?
11
What is the remainder when 30000 is divided by 137?
134
Calculate the remainder when 762 is divided by 83.
15
What is the remainder when 570 is divided by 564?
6
What is the remainder when 687 is divided by 43?
42
What is the remainder when 373 is divided by 56?
37
What is the remainder when 274 is divided by 3?
1
Calculate the remainder when 1770 is divided by 38.
22
What is the remainder when 392 is divided by 73?
27
What is the remainder when 261 is divided by 61?
17
What is the remainder when 1026 is divided by 37?
27
Calculate the remainder when 56 is divided by 13.
4
Calculate the remainder when 44691 is divided by 117.
114
What is the remainder when 5706 is divided by 1899?
9
Calculate the remainder when 168 is divided by 25.
18
Calculate the remainder when 68 is divided by 10.
8
What is the remainder when 43 is divided by 16?
11
What is the remainder when 529 is divided by 41?
37
Calculate the remainder when 2872 is divided by 115.
112
Calculate the remainder when 200 is divided by 43.
28
What is the remainder when 93 is divided by 47?
46
What is the remainder when 4787 is divided by 80?
67
What is the remainder when 1426 is divided by 12?
10
What is the remainder when 110 is divided by 27?
2
Calculate the remainder when 599 is divided by 291.
17
What is the remainder when 1539 is divided by 22?
21
What is the remainder when 838 is divided by 28?
26
What is the remainder when 445 is divided by 90?
85
Calculate the remainder when 131 is divided by 61.
9
What is the remainder when 717 is divided by 144?
141
What is the remainder when 83 is divided by 21?
20
Calculate the remainder when 509 is divided by 30.
29
Calculate the remainder when 161 is divided by 57.
47
What is the remainder when 9595 is divided by 3196?
7
What is the remainder when 39814 is divided by 42?
40
What is the remainder when 3451 is divided by 164?
7
Calculate the remainder when 7172 is divided by 20.
12
Calculate the remainder when 2796 is divided by 280.
276
Calculate the remainder when 57 is divided by 22.
13
Calculate the remainder when 2027 is divided by 29.
26
What is the remainder when 228 is divided by 29?
25
Calculate the remainder when 2145 is divided by 12.
9
What is the remainder when 243 is divided by 46?
13
Calculate the remainder when 229 is divided by 38.
1
Calculate the remainder when 85 is divided by 6.
1
What is the remainder when 198 is divided by 3?
0
What is the remainder when 109 is divided by 51?
7
Calculate the remainder when 558 is divided by 27.
18
What is the remainder when 437 is divided by 20?
17
What is the remainder when 197 is divided by 16?
5
What is the remainder when 3627 is divided by 191?
189
What is the remainder when 403 is divided by 15?
13
What is the remainder when 1961 is divided by 22?
3
What is the remainder when 56 is divided by 19?
18
What is the remainder when 57 is divided by 20?
17
What is the remainder when 55 is divided by 28?
27
What is the remainder when 5338 is divided by 178?
176
Calculate the remainder when 2599 is divided by 130.
129
What is the remainder when 861 is divided by 8?
5
What is the remainder when 17 is divided by 8?
1
What is the remainder when 251 is divided by 126?
125
What is the remainder when 596 is divided by 133?
64
What is the remainder when 76 is divided by 26?
24
What is the remainder when 10019 is divided by 15?
14
Calculate the remainder when 318 is divided by 103.
9
Calculate the remainder when 75 is divided by 30.
15
What is the remainder when 1374 is divided by 171?
6
Calculate the remainder when 233 is divided by 60.
53
Calculate the remainder when 1005 is divided by 48.
45
Calculate the remainder when 668 is divided by 190.
98
Calculate the remainder when 878 is divided by 221.
215
Calculate the remainder when 316 is divided by 53.
51
What is the remainder when 1524 is divided by 2?
0
What is the remainder when 657 is divided by 332?
325
What is the remainder when 141 is divided by 44?
9
Calculate the remainder when 72 is divided by 34.
4
Calculate the remainder when 277 is divided by 10.
7
What is the remainder when 775 is divided by 190?
15
What is the remainder when 485 is divided by 27?
26
What is the remainder when 4351 is divided by 18?
13
Calculate the remainder when 271 is divided by 87.
10
What is the rem